s of (-12)/(-7) + o/28.
2
Let c(r) = 2*r**2 - 5*r - 28. Let v be c(-3). Suppose 3*g - 2807 = -4*u, -v*u + 46*g - 43*g = -3502. List the prime factors of u.
701
Let t(d) = -25*d + 164. Let r be t(5). Suppose -30*g = -r*g + 225. What are the prime factors of g?
5
Let x = -161 - -166. Suppose 0*c = -2*r - c + 1974, -x*r = -5*c - 4935. List the prime factors of r.
3, 7, 47
Suppose -368 = -4*o - 2*m, -4*o + 297 = 4*m - 79. Suppose 2*r = -3*r - o. Let q = 42 - r. What are the prime factors of q?
2, 3, 5
Let a(t) = -28*t - 4. Let s be a(-1). Suppose s*j + 2752 = 32*j. List the prime factors of (j/(-20))/((-14)/35).
43
Let m(x) = -x**3 - 19*x**2 + 40*x - 37. Let b be m(-21). Suppose 5*t + 1169 = -13*u + 15*u, 4*u - b*t = 2323. What are the prime factors of u?
577
Let b(z) = 5*z**2 + 14*z - 61. Let m(h) = 9*h**2 + 27*h - 120. Let f(y) = -7*b(y) + 4*m(y). List the prime factors of f(19).
2, 3, 83
Let x be 19 - 31 - 4/(-2). List the prime factors of (-10)/(-4)*((-3352)/x)/2.
419
Let t = 235 + -90. Suppose -5*z = -5*q + 425, 20*q - 18*q - 162 = -2*z. Let m = t + q. List the prime factors of m.
2, 3, 19
Suppose 3*x = 3*p + 855, p = -0*x - 3*x + 871. Suppose 12*g = 16*g - 2012. Let s = g - x. What are the prime factors of s?
2, 107
Suppose 5*t - c = -3961, 5*t = 5*c - 4812 + 847. Let y = -196 - t. What are the prime factors of y?
2, 149
Suppose 5*c - c - 4133 = -5*u, 3*u = -3*c + 2478. What are the prime factors of u?
829
Let k(w) = 3*w - 6*w - 25 - 7*w + w. Let l be k(23). List the prime factors of l/5*5/(-2).
2, 29
Suppose -3*m + 494 = -2*y, m = -2*y - 4*m - 510. Let r = y - -804. List the prime factors of r.
2, 277
Let b(i) = i + 26. Suppose 1 = -o - 2, c = o - 15. Let w be b(c). Let z = 55 - w. List the prime factors of z.
47
Suppose 5*o - 5*y = 10, 3*o = -5*y + 6 + 16. Suppose o*z + 5*g = 4*g + 7, 0 = 2*z - g - 11. Suppose r - z*k = 29 + 166, -2*k = -2. List the prime factors of r.
2, 3, 11
Let p = 0 - 2. Let t(z) be the second derivative of -10*z**3/3 + 3*z**2/2 - 21*z. List the prime factors of t(p).
43
Suppose z = -3*m + 1135, 4*m = 4*z - 3820 - 640. Let g = -356 + z. What are the prime factors of g?
2, 191
Let k(v) = -34*v - 19. Let p be k(-11). Let n(u) = u**3 + 3*u**2 - 5*u. Let j be n(-4). Suppose -p - 41 = -j*s. What are the prime factors of s?
3, 11
Let j(g) = g**2 + 129*g + 5118. What are the prime factors of j(-113)?
2, 5, 331
Let b = -142 + 146. Suppose -b*c + 8*c - 872 = -t, 0 = -4*t + 3*c + 3583. List the prime factors of t.
2, 223
Suppose -117*u - 4*b + 10398 = -114*u, -3*b = -3*u + 10398. List the prime factors of u.
2, 1733
Suppose -12*i + 51452 + 40408 = 0. What are the prime factors of i?
5, 1531
Let u(c) = -c**3 + 5*c**2 - 27*c - 182. Let v be u(-6). Suppose -2*d + v = -226. What are the prime factors of d?
7, 43
Let w(n) = -2 + 9 - 6 + 3*n + 0. Let z be w(2). Suppose h + 228 = z*h. List the prime factors of h.
2, 19
Let g(v) = -v**3 - 23*v**2 - 5*v + 47. Let a = 153 + -176. List the prime factors of g(a).
2, 3
Let i(x) = -x**2 + 18*x + 33. Suppose 0 = -2*s + 4*s - 10. Let g be 68/(-12)*(-6 + -2 + s). What are the prime factors of i(g)?
2, 5
Let h be 217998/14 + (-108)/378. Suppose -3*d + 26*d - h = 0. List the prime factors of d.
677
Let i(c) = -c**3 - 9*c**2 - c - 30. Let s(h) = h**3 + 24*h**2 + 46*h + 31. Let x be s(-22). What are the prime factors of i(x)?
659
Let p = 14311 - -3990. What are the prime factors of p?
18301
Suppose 0 = -8*g - 4*g - 20796. Let v = g - -2585. Suppose -36 + v = 4*u. List the prime factors of u.
2, 3, 17
Suppose 0 = 3*j - 9 + 315. Let m = 711 - 506. Let s = m + j. What are the prime factors of s?
103
List the prime factors of 1650/300 + (-21186)/(-4).
2, 11, 241
Suppose 79*l - 78*l = 6, 3*t - 71757 = l. What are the prime factors of t?
19, 1259
Let j be 19044/126 - (-2)/(-14). Suppose d + 100 - 10 = 3*g, 2*d = 5*g - j. List the prime factors of g.
29
Let a be 84/35*(6/4 + 1). Suppose a*x = -0*x + 2376. Suppose -210 = -2*w - 4*t, -5*w = -3*t - x - 129. List the prime factors of w.
3, 5, 7
Let y be (-1)/5 + 78/(-10). Let b(s) be the third derivative of -s**5/60 - 3*s**4/4 - 10*s**3/3 + 91*s**2 + s. List the prime factors of b(y).
2, 3, 5
Let s = 99 - 29. Let y = -50 + s. List the prime factors of (-21)/6*y/(-7).
2, 5
Let g be (-624)/(-32)*(-4)/(-6). Suppose 8*n + 390 = g*n. Suppose 2*a - 5*a = -n. List the prime factors of a.
2, 13
Suppose -2*u - 3*u - 3*x = -56, -5*u - 2*x = -54. Let b(k) = k**2 - 12*k + 9. Let g be b(u). Let f(p) = 2*p**2 + 12*p - 20. List the prime factors of f(g).
2, 3, 5
Let w = 41428 + -24721. What are the prime factors of w?
3, 5569
Let x be ((-4)/(-6))/(1/(9/6)). Let n be x/((-2)/184) - (-18)/6. Let m = n + 162. List the prime factors of m.
73
Suppose f - 129 = 4*o, -3*f + 7*o + 401 = 2*o. Suppose -3*x + 4*n - 237 = 0, x - 237 = 4*x - 5*n. Let q = x + f. What are the prime factors of q?
2, 29
Let u(w) = -26*w + 33. Let d(g) be the second derivative of -3*g**3/2 + 11*g**2/2 - 29*g. Let p(b) = 11*d(b) - 4*u(b). What are the prime factors of p(17)?
2, 37
Let d be (-1 - 6) + (-3101)/7. Let y = d - -606. List the prime factors of y.
2, 3, 13
Suppose 51*n - 48*n + 15 = 0. Let i(w) = -w**3 - 4*w**2 + 4*w - 2. Let o be i(n). Let p(h) = 15*h**2 + 3. List the prime factors of p(o).
2, 3, 23
Let d be -4 + 12 + 3 + -1. Let j = -7 + d. Suppose j*k - 5*b = 560 - 19, 354 = 2*k - 5*b. List the prime factors of k.
11, 17
Let t(x) be the first derivative of 203/3*x**3 - 3*x - x**2 - 9. List the prime factors of t(-1).
2, 101
Let z(d) = 8*d**2 + 2*d**2 + 0*d**3 + 2*d**3 + 15*d - 29 + d**2 - 6*d**2. What are the prime factors of z(6)?
673
Suppose -28*y + 35*y = 15995. Let c = y - 1069. List the prime factors of c.
2, 19
Let u(x) = -x**3 + 6*x**2 - 5*x + 5. Let j be u(5). Suppose j*r - 5*m = 1495, -4*r - r - 5*m + 1445 = 0. What are the prime factors of r?
2, 3, 7
Suppose -23346 + 34088 = 26*n - 81142. List the prime factors of n.
2, 3, 19, 31
What are the prime factors of ((-27892)/6)/((-34)/204)?
2, 19, 367
Let y(o) = -159*o**3 + 15*o**2 - 36*o - 98. What are the prime factors of y(-6)?
2, 11, 37, 43
Suppose 5*t = -6*s + 7*s - 4436, -17849 = -4*s - t. Suppose -2*f + 3573 = 4*a + 3*f, -f = 5*a - s. List the prime factors of a.
2, 223
Let r(b) = -89*b**3 - 4*b**2 - 1. Let c be r(-3). Let q = c - 621. List the prime factors of 1/5 + q/25.
2, 5, 7
Let t = -90 + 96. Let v be -4 + 22/5*(11 - t). List the prime factors of v/6 - 402/(-1 + -1).
2, 3, 17
Let v(w) = 4 - 8*w**2 + 3*w - 11*w**2 + 53*w**3 + 17*w**2 - 7. What are the prime factors of v(3)?
3, 11, 43
Let p = -193 - -193. Suppose p = -34*q + 520 + 2336. What are the prime factors of q?
2, 3, 7
Suppose 7*b = 13394 + 4946. List the prime factors of b.
2, 5, 131
Let w be (-1)/3 - 152/(-24). Let n(p) = -47*p - 2. Let b(a) = 46*a + 1. Let k(m) = w*b(m) + 5*n(m). What are the prime factors of k(2)?
2, 3, 13
Let d(q) = q**2 - 17*q - 63. Let n be d(20). List the prime factors of 4 - n/(21/2506).
2, 181
Suppose 3*t - 8*t - 4 = 4*z, -3*z + 20 = -2*t. Suppose -4*a + 5*c = -880, 4*a - 855 = z*c + 25. List the prime factors of a.
2, 5, 11
Let t(b) = -452*b**3 + 4*b**2 - 6*b + 3. Let p be t(2). List the prime factors of (-4)/(14472/p + (1 - -3)).
401
List the prime factors of (-89)/(42471/(-1846) + 23).
2, 71, 89
Let k be ((-7)/(-14))/((-2)/8) + 5. Suppose 2*g + 5*l = -1 + 7, -k*g + l - 8 = 0. What are the prime factors of (-1 - g - -90) + (-6)/(-2)?
2, 47
Suppose -4*l = -3*l - 441. Suppose -3*z + 6*z - 3*i - l = 0, -286 = -2*z - 2*i. Suppose 9*t - 4*t = z. What are the prime factors of t?
29
Suppose 210*a - 205*a + 10510 = 0. Let f = 3141 + a. What are the prime factors of f?
1039
Let u be 4/((2 - 3)/(1/1)). What are the prime factors of (-2 + (-15)/u)/(15/2040)?
2, 7, 17
Let g(v) = -336*v**3 - 4*v**2 - 4*v + 1. What are the prime factors of g(-2)?
7, 383
List the prime factors of (12/(-30))/((-1)/(-655))*-4.
2, 131
What are the prime factors of 2/10 + (3/6 - 431893/(-110))?
3, 7, 11, 17
Let k(j) = j**2 - 6710*j + 3*j**3 + 8*j**2 + 6721*j - 19. List the prime factors of k(7).
2, 191
List the prime factors of 10843896/882 - 4/6.
2, 3, 683
Let d(x) = 2*x**2 - 29*x - 11. Let c be d(-15). Suppose -2*w + 4*t = -c, 439 = 5*w - 4*w - t. What are the prime factors